3*r. Suppose 0 = -12*u + 14*u - 38. Calculate the greatest common factor of u and r.
19
Suppose -4*g + 4 = -8*g + 4*h, 3*h = -5*g + 11. What is the greatest common divisor of g and 5?
1
Let b = 24 + -20. Calculate the greatest common divisor of 20 and b.
4
Suppose 56 = 12*p - 172. What is the greatest common factor of 19 and p?
19
Let t(f) = 2*f**2 - 2. Let w be t(-3). Let i be w/((6/(-15))/(-1)). Let b be (-1)/3 - 62/(-6). What is the highest common divisor of i and b?
10
Let z = 52 - 46. What is the greatest common factor of z and 6?
6
Let u(l) = l**3 + l**2 - 10*l - 8. Let z be u(-3). Let d(w) = -9*w - 1. Let y be d(-5). Calculate the highest common factor of z and y.
4
Let h be 56 - ((-2)/(-1) + -4). Suppose 0*k + k - h = -4*d, -3*d = 4*k - 167. Calculate the greatest common divisor of 95 and k.
19
Let q(m) = m**3 - 2*m**2. Let p be q(2). Suppose 0*a + a = p. Suppose 0 = 3*j - 7*j + 4*i + 432, 5*i - 20 = a. Calculate the highest common divisor of 16 and j.
16
Let t be 3/((-110)/112 + 1). Calculate the greatest common divisor of 24 and t.
24
Suppose 2*x = x. Suppose x = -h + 2 - 0. Suppose -4*u + 48 = h*i, 4*i = 3*i - 5*u + 24. What is the highest common factor of 36 and i?
12
Let c be (-532)/(-22) - (-5)/(55/(-2)). What is the highest common factor of c and 12?
12
Suppose 5*k = -5*w + 105, 4*w - 6*k = -3*k + 119. Let u be (w/4)/((-1)/(-2)). Suppose 0 = -5*z + u + 7. Calculate the highest common factor of 1 and z.
1
Let x be (13 + -1)*(-10)/(-6). Let t(u) = -2*u**3 - u**2 + 3*u - 1. Let s be t(-2). What is the greatest common divisor of s and x?
5
Let r = 55 - -17. Calculate the highest common factor of r and 9.
9
Let h be (-1 - (-2 + 2))*71. Let d = h - -119. Suppose -4*b - 15 + 47 = 0. What is the highest common divisor of d and b?
8
Let v(x) = x**2 + 6*x + 1. Suppose 3*h + 30 = -2*h. Let l be v(h). Suppose 2 = -2*p + 4*b - 10, -p - 14 = -4*b. What is the greatest common divisor of p and l?
1
Suppose -18 - 6 = 4*i. Let b = 3 - 0. Let r = b - i. Calculate the highest common divisor of 54 and r.
9
Suppose -2*r - 3 = -5*n, -4*n + 0*r - 20 = 4*r. Let x(z) = -9*z**3 + 1. Let l be x(n). What is the highest common divisor of l and 110?
10
Let w(z) = -z**3 + 5*z**2 + 8*z - 9. Let h be w(6). Suppose 0 = -h*i - i - 16. Let q be 2*(-2)/i*1. What is the greatest common divisor of q and 8?
1
Let w = 231 + -132. Let x be ((-10)/(-3))/(6/w). Suppose -2*f + 29 = -5*j, -5*f - 2*j = 3*j - x. What is the greatest common divisor of f and 6?
6
Let x(g) = -g**2 - 2*g + 8. Let m be x(-6). Let j be m/(-20)*35/2. Let k be 0/1 + 86 - 2. What is the greatest common factor of k and j?
14
Suppose 4*s - 5*l = -0*l + 265, -4*l = s - 40. What is the highest common factor of 12 and s?
12
Let w(c) = -c**3 - 10*c**2 + 6*c - 9. Let y be w(-11). Calculate the highest common factor of y and 69.
23
Let g be (-3*31 - -2)*(4 + -5). What is the greatest common divisor of 13 and g?
13
Let i(n) = -224*n. Let t be i(-1). Suppose 6*x = 2*x + t. What is the greatest common divisor of 7 and x?
7
Let l(j) be the second derivative of j**4/6 - 13*j**3/6 - 15*j**2/2 - 6*j. Let z be l(11). Calculate the highest common divisor of z and 21.
21
Let m be (-2 - 1) + (15 - 3). Calculate the greatest common factor of m and 72.
9
Suppose 4*j - 5*h = 2*j + 362, -3*h = 4*j - 698. Calculate the greatest common factor of j and 16.
16
Let v = 42 - 32. Calculate the highest common divisor of v and 40.
10
Suppose 72 = -5*l + 7*l. Let k = -6 + 8. Suppose -2*g - 100 = -4*v, 3*v - 118 = -k*v - g. What is the greatest common factor of v and l?
12
Suppose 11*a - 57 = 8*a. What is the greatest common factor of a and 95?
19
Let u(v) = 4*v**2 + v. Let w be u(-1). Suppose -2*a = -5*z + 31, 2*a = -w*z + 4*z - 43. Let t = -13 - a. What is the highest common factor of 30 and t?
10
Suppose v + 0*v = 8. Let u = 8 + 8. What is the highest common factor of u and v?
8
Suppose -2*x + 7*x + 5*o - 55 = 0, -2*o = 3*x - 31. Let i(s) = 2*s**3 + s + 2. Let n be i(-2). Let z = -10 - n. What is the greatest common divisor of z and x?
3
Suppose 2*g - 75 = -3*g. What is the greatest common factor of g and 15?
15
Let i = -3 + 5. Let u be (-18)/(-2) - (2 - i). Let m = 51 + -24. What is the highest common factor of u and m?
9
Let t be 126 + 1 + 4 - -1. Let d be -2*(-5)/((-5)/(-6)). Calculate the highest common factor of t and d.
12
Let w be -1 + 3/9 + 28/6. Suppose 3*v + 0 - 3 = 0. What is the greatest common divisor of v and w?
1
Let r(k) = k**2 + 3*k + 2. Let s be -7 + 0/(3*-1). Let p = s - -4. Let y be r(p). What is the highest common divisor of y and 6?
2
Let d(c) = c + 2. Let a(s) = -s + 2. Let u be a(2). Let f be d(u). Suppose -5*x + 2 = -3, -t + f*x - 1 = 0. Calculate the greatest common factor of t and 7.
1
Let h = -18 + 33. Suppose -4*a + 18 + 17 = 3*m, -5*a + 35 = 2*m. Calculate the highest common factor of h and a.
5
Let y(v) = v**3 - 15*v**2 + 15*v - 5. Let f be y(14). Calculate the highest common divisor of f and 81.
9
Let k be -20 + (-1 + -2)*-1. Let l = -5 - k. What is the highest common divisor of l and 36?
12
Let g(o) = o**2 + 5*o + 20. Let y be g(-10). Calculate the greatest common factor of y and 28.
14
Let s(b) = b**2 - 3*b - 3. Let m be s(-4). Suppose -5*t - 7 + 2 = 0, 13 = 4*w + 3*t. Suppose -w*q + 15 = -q. What is the greatest common factor of q and m?
5
Suppose 2*m - 21 = -m. Calculate the highest common divisor of 49 and m.
7
Let f be -2 + 2 + -2 + 0. Let h be (f - -3) + (1 - 1). Let i = h - -2. Calculate the greatest common divisor of 33 and i.
3
Let z(r) = -r + 14. Let y be z(6). Let a be 2*-1*(-18)/4. Let n be 2/y - a/(-12). What is the highest common divisor of n and 11?
1
Let t be (10/(-15))/(4/(-72)). Suppose -2*q = 5 + 3. Let p(h) = -26*h + 4. Let r be p(q). Calculate the greatest common divisor of r and t.
12
Let s = 145 + -2. Suppose -4*o - s = -591. What is the highest common factor of 14 and o?
14
Let v(j) = -j**3 - 6*j**2 - 11*j - 24. Let k be v(-6). Calculate the highest common divisor of 28 and k.
14
Suppose -2*z - 2*y + 18 = -10, y - 5 = 0. Calculate the greatest common factor of 63 and z.
9
Let a be 1*(-3 - -2)/(-1). Let x be 3/(10 - a)*15. Let j = x + -4. What is the highest common factor of 3 and j?
1
Let c = 18 - 15. Let z(k) = k**2 + k - 7. Let s be z(c). Let f(w) = -14*w + 1. Let t be f(-1). Calculate the highest common factor of t and s.
5
Suppose 0*o - 2*o - 1 = t, 0 = -2*t + 2. Let l = 17 + -8. Let c = l - o. Calculate the greatest common factor of c and 10.
10
Suppose -7*a - 26 = -75. Calculate the greatest common divisor of 7 and a.
7
Let t be (0 - -6) + (-8)/(-4). Let w(d) = 4*d - 11. Let r be w(t). Calculate the highest common factor of r and 7.
7
Suppose -d - h = -8, -4*d + 21 + 15 = 2*h. What is the greatest common divisor of d and 10?
10
Let r = -5 - -9. What is the greatest common factor of r and 20?
4
Suppose -2*u + 44 = 3*x - 4*x, -x = -4*u + 88. What is the greatest common divisor of 99 and u?
11
Let p = -37 + 61. Let a = 208 - 112. What is the greatest common factor of a and p?
24
Let t(g) = -g**2 - 4*g - 6. Let s be t(-5). Let w = 26 + s. Suppose 2*z + 3 = z - 2*q, 5*z - 5*q = 45. Calculate the highest common divisor of w and z.
5
Let u(w) = w + 4*w**3 - 2 - 3*w**2 + 9*w**2 - 6*w. Let a be u(4). Calculate the greatest common factor of a and 30.
30
Suppose -20 = -5*i + 15. Let s be (-2)/i - 1866/(-14). Suppose 238 = 5*o - u, -3*o - 5*u + 21 = -s. Calculate the highest common factor of 32 and o.
16
Let i(u) = -3*u**3 - u**2 + 6*u - 3. Let d be i(-3). Let b(x) = 34*x. Let n be b(1). Calculate the greatest common divisor of n and d.
17
Suppose 4*s - 1 = 15. Suppose -q = s*q - 750. Calculate the greatest common factor of 15 and q.
15
Suppose 24 = 3*h + 6. Let n be -3 + 6 - (5 - 5). Calculate the highest common factor of n and h.
3
Let p(y) = 4*y - 9. Let z be p(9). Let f = z - 16. What is the greatest common factor of f and 11?
11
Let w(u) be the third derivative of 3*u**4/8 - 2*u**3/3 - u**2. Let d be w(4). Suppose -6*m + 20 = -4. Calculate the highest common factor of d and m.
4
Suppose -2*u - 28 = -0*u. Let l = u - -26. Calculate the highest common divisor of l and 4.
4
Let g(k) = -k**3 - 11*k**2 + 19*k - 5. Let d be g(-13). Suppose u = 2*w + 82, -u - 7*w = -5*w - d. What